{"id":2275,"date":"2025-04-22T12:46:26","date_gmt":"2025-04-22T15:46:26","guid":{"rendered":"https:\/\/mistol.com.ar\/shop\/producto\/parlante-portatil-bluetooth-cubo\/"},"modified":"2026-04-10T20:01:11","modified_gmt":"2026-04-10T23:01:11","slug":"parlante-portatil-bluetooth-cubo","status":"publish","type":"product","link":"https:\/\/www.mistol.com.ar\/shop\/producto\/parlante-portatil-bluetooth-cubo\/","title":{"rendered":"Parlante Port\u00e1til Bluetooth Cubo"},"content":{"rendered":"<p>Parlante Port\u00e1til Bluetooth de 3W ofrece un sonido natural, con una gran claridad y precisi\u00f3n, que se dispersa de manera uniforme. Un parlante que asegura potencia y calidad por igual en la reproducci\u00f3n de contenidos multimedia.<\/p>\n<ul class=\"ui-vpp-highlighted-specs__features-list\">\n<li class=\"ui-vpp-highlighted-specs__features-list-item ui-pdp-color--BLACK ui-pdp-size--XSMALL ui-pdp-family--REGULAR\">\n<div class=\"ui-pdp-container__row ui-pdp-container__row--highlighted-features-title\">\n<p class=\"ui-vpp-text-alignment--left ui-pdp-color--BLACK ui-pdp-size--XSMALL ui-pdp-family--SEMIBOLD highlighted-features-title\">Lo que ten\u00e9s que saber de este producto<\/p>\n<\/div>\n<div class=\"ui-pdp-container__row ui-pdp-container__row--highlighted-features\">\n<div class=\"ui-vpp-highlighted-specs__features\">\n<ul class=\"ui-vpp-highlighted-specs__features-list\">\n<li class=\"ui-vpp-highlighted-specs__features-list-item ui-pdp-color--BLACK ui-pdp-size--XSMALL ui-pdp-family--REGULAR\">Es manos libres.<\/li>\n<li class=\"ui-vpp-highlighted-specs__features-list-item ui-pdp-color--BLACK ui-pdp-size--XSMALL ui-pdp-family--REGULAR\">Apto para uso en exteriores.<\/li>\n<li class=\"ui-vpp-highlighted-specs__features-list-item ui-pdp-color--BLACK ui-pdp-size--XSMALL ui-pdp-family--REGULAR\">Con conectividad bluetooth.<\/li>\n<li class=\"ui-vpp-highlighted-specs__features-list-item ui-pdp-color--BLACK ui-pdp-size--XSMALL ui-pdp-family--REGULAR\">Bater\u00eda recargable y cable USB\/Micro USB incluido.<\/li>\n<li class=\"ui-vpp-highlighted-specs__features-list-item ui-pdp-color--BLACK ui-pdp-size--XSMALL ui-pdp-family--REGULAR\">Potencia de 3W.<\/li>\n<li class=\"ui-vpp-highlighted-specs__features-list-item ui-pdp-color--BLACK ui-pdp-size--XSMALL ui-pdp-family--REGULAR\">Conector de entrada: Auxiliar, USB.<\/li>\n<li class=\"ui-vpp-highlighted-specs__features-list-item ui-pdp-color--BLACK ui-pdp-size--XSMALL ui-pdp-family--REGULAR\">Dimensiones: 5cm de ancho, 5cm de alto y 5cm de profundidad.<\/li>\n<\/ul>\n<\/div>\n<\/div>\n<\/li>\n<\/ul>\n<p>Colores disponibles: rojo y negro.<\/p>\n","protected":false},"excerpt":{"rendered":"<p>Parlante Port\u00e1til Bluetooth de 3W ofrece un sonido natural, con una gran claridad y precisi\u00f3n, que se dispersa de manera uniforme. Un parlante que asegura potencia y calidad por igual en la reproducci\u00f3n de contenidos multimedia.<\/p>\n<ul class=\"ui-vpp-highlighted-specs__features-list\">\n<li class=\"ui-vpp-highlighted-specs__features-list-item ui-pdp-color--BLACK ui-pdp-size--XSMALL ui-pdp-family--REGULAR\">\n<div class=\"ui-pdp-container__row ui-pdp-container__row--highlighted-features-title\">\n<p class=\"ui-vpp-text-alignment--left ui-pdp-color--BLACK ui-pdp-size--XSMALL ui-pdp-family--SEMIBOLD highlighted-features-title\">Lo que ten\u00e9s que saber de este producto<\/p>\n<\/div>\n<div class=\"ui-pdp-container__row ui-pdp-container__row--highlighted-features\">\n<div class=\"ui-vpp-highlighted-specs__features\">\n<ul class=\"ui-vpp-highlighted-specs__features-list\">\n<li class=\"ui-vpp-highlighted-specs__features-list-item ui-pdp-color--BLACK ui-pdp-size--XSMALL ui-pdp-family--REGULAR\">Es manos libres.<\/li>\n<li class=\"ui-vpp-highlighted-specs__features-list-item ui-pdp-color--BLACK ui-pdp-size--XSMALL ui-pdp-family--REGULAR\">Apto para uso en exteriores.<\/li>\n<li class=\"ui-vpp-highlighted-specs__features-list-item ui-pdp-color--BLACK ui-pdp-size--XSMALL ui-pdp-family--REGULAR\">Con conectividad bluetooth.<\/li>\n<li class=\"ui-vpp-highlighted-specs__features-list-item ui-pdp-color--BLACK ui-pdp-size--XSMALL ui-pdp-family--REGULAR\">Bater\u00eda recargable y cable USB \/ Micro USB incluido.<\/li>\n<li class=\"ui-vpp-highlighted-specs__features-list-item ui-pdp-color--BLACK ui-pdp-size--XSMALL ui-pdp-family--REGULAR\">Potencia de 3W.<\/li>\n<li class=\"ui-vpp-highlighted-specs__features-list-item ui-pdp-color--BLACK ui-pdp-size--XSMALL ui-pdp-family--REGULAR\">Conector de entrada: Auxiliar, USB.<\/li>\n<li class=\"ui-vpp-highlighted-specs__features-list-item ui-pdp-color--BLACK ui-pdp-size--XSMALL ui-pdp-family--REGULAR\">Dimensiones: 5cm de ancho, 5cm de alto y 5cm de profundidad.<\/li>\n<\/ul>\n<\/div>\n<\/div>\n<\/li>\n<\/ul>\n<p>Colores disponibles: rojo y negro.<\/p>\n","protected":false},"featured_media":2281,"template":"","meta":[],"product_brand":[],"product_cat":[40],"product_tag":[],"class_list":["post-2275","product","type-product","status-publish","has-post-thumbnail","product_cat-tecnologia","pa_color-negro","pa_color-rojo","pa_custom-personalizacion-full-color","pa_custom-sin-personalizacion","first","instock","shipping-taxable","product-type-variable"],"_links":{"self":[{"href":"https:\/\/www.mistol.com.ar\/shop\/wp-json\/wp\/v2\/product\/2275","targetHints":{"allow":["GET"]}}],"collection":[{"href":"https:\/\/www.mistol.com.ar\/shop\/wp-json\/wp\/v2\/product"}],"about":[{"href":"https:\/\/www.mistol.com.ar\/shop\/wp-json\/wp\/v2\/types\/product"}],"wp:featuredmedia":[{"embeddable":true,"href":"https:\/\/www.mistol.com.ar\/shop\/wp-json\/wp\/v2\/media\/2281"}],"wp:attachment":[{"href":"https:\/\/www.mistol.com.ar\/shop\/wp-json\/wp\/v2\/media?parent=2275"}],"wp:term":[{"taxonomy":"product_brand","embeddable":true,"href":"https:\/\/www.mistol.com.ar\/shop\/wp-json\/wp\/v2\/product_brand?post=2275"},{"taxonomy":"product_cat","embeddable":true,"href":"https:\/\/www.mistol.com.ar\/shop\/wp-json\/wp\/v2\/product_cat?post=2275"},{"taxonomy":"product_tag","embeddable":true,"href":"https:\/\/www.mistol.com.ar\/shop\/wp-json\/wp\/v2\/product_tag?post=2275"}],"curies":[{"name":"wp","href":"https:\/\/api.w.org\/{rel}","templated":true}]}}

Parlante Portátil Bluetooth Cubo

<p>Parlante Portátil Bluetooth de 3W ofrece un sonido natural, con una gran claridad y precisión, que se dispersa de manera uniforme. Un parlante que asegura potencia y calidad por igual en la reproducción de contenidos multimedia.</p>
<ul class="ui-vpp-highlighted-specs__features-list">
<li class="ui-vpp-highlighted-specs__features-list-item ui-pdp-color--BLACK ui-pdp-size--XSMALL ui-pdp-family--REGULAR">
<div class="ui-pdp-container__row ui-pdp-container__row--highlighted-features-title">
<p class="ui-vpp-text-alignment--left ui-pdp-color--BLACK ui-pdp-size--XSMALL ui-pdp-family--SEMIBOLD highlighted-features-title">Lo que tenés que saber de este producto</p>
</div>
<div class="ui-pdp-container__row ui-pdp-container__row--highlighted-features">
<div class="ui-vpp-highlighted-specs__features">
<ul class="ui-vpp-highlighted-specs__features-list">
<li class="ui-vpp-highlighted-specs__features-list-item ui-pdp-color--BLACK ui-pdp-size--XSMALL ui-pdp-family--REGULAR">Es manos libres.</li>
<li class="ui-vpp-highlighted-specs__features-list-item ui-pdp-color--BLACK ui-pdp-size--XSMALL ui-pdp-family--REGULAR">Apto para uso en exteriores.</li>
<li class="ui-vpp-highlighted-specs__features-list-item ui-pdp-color--BLACK ui-pdp-size--XSMALL ui-pdp-family--REGULAR">Con conectividad bluetooth.</li>
<li class="ui-vpp-highlighted-specs__features-list-item ui-pdp-color--BLACK ui-pdp-size--XSMALL ui-pdp-family--REGULAR">Batería recargable y cable USB/Micro USB incluido.</li>
<li class="ui-vpp-highlighted-specs__features-list-item ui-pdp-color--BLACK ui-pdp-size--XSMALL ui-pdp-family--REGULAR">Potencia de 3W.</li>
<li class="ui-vpp-highlighted-specs__features-list-item ui-pdp-color--BLACK ui-pdp-size--XSMALL ui-pdp-family--REGULAR">Conector de entrada: Auxiliar, USB.</li>
<li class="ui-vpp-highlighted-specs__features-list-item ui-pdp-color--BLACK ui-pdp-size--XSMALL ui-pdp-family--REGULAR">Dimensiones: 5cm de ancho, 5cm de alto y 5cm de profundidad.</li>
</ul>
</div>
</div>
</li>
</ul>
<p>Colores disponibles: rojo y negro.</p>

<p>Parlante Portátil Bluetooth de 3W ofrece un sonido natural, con una gran claridad y precisión, que se dispersa de manera uniforme. Un parlante que asegura potencia y calidad por igual en la reproducción de contenidos multimedia.</p>
<ul class="ui-vpp-highlighted-specs__features-list">
<li class="ui-vpp-highlighted-specs__features-list-item ui-pdp-color--BLACK ui-pdp-size--XSMALL ui-pdp-family--REGULAR">
<div class="ui-pdp-container__row ui-pdp-container__row--highlighted-features-title">
<p class="ui-vpp-text-alignment--left ui-pdp-color--BLACK ui-pdp-size--XSMALL ui-pdp-family--SEMIBOLD highlighted-features-title">Lo que tenés que saber de este producto</p>
</div>
<div class="ui-pdp-container__row ui-pdp-container__row--highlighted-features">
<div class="ui-vpp-highlighted-specs__features">
<ul class="ui-vpp-highlighted-specs__features-list">
<li class="ui-vpp-highlighted-specs__features-list-item ui-pdp-color--BLACK ui-pdp-size--XSMALL ui-pdp-family--REGULAR">Es manos libres.</li>
<li class="ui-vpp-highlighted-specs__features-list-item ui-pdp-color--BLACK ui-pdp-size--XSMALL ui-pdp-family--REGULAR">Apto para uso en exteriores.</li>
<li class="ui-vpp-highlighted-specs__features-list-item ui-pdp-color--BLACK ui-pdp-size--XSMALL ui-pdp-family--REGULAR">Con conectividad bluetooth.</li>
<li class="ui-vpp-highlighted-specs__features-list-item ui-pdp-color--BLACK ui-pdp-size--XSMALL ui-pdp-family--REGULAR">Batería recargable y cable USB / Micro USB incluido.</li>
<li class="ui-vpp-highlighted-specs__features-list-item ui-pdp-color--BLACK ui-pdp-size--XSMALL ui-pdp-family--REGULAR">Potencia de 3W.</li>
<li class="ui-vpp-highlighted-specs__features-list-item ui-pdp-color--BLACK ui-pdp-size--XSMALL ui-pdp-family--REGULAR">Conector de entrada: Auxiliar, USB.</li>
<li class="ui-vpp-highlighted-specs__features-list-item ui-pdp-color--BLACK ui-pdp-size--XSMALL ui-pdp-family--REGULAR">Dimensiones: 5cm de ancho, 5cm de alto y 5cm de profundidad.</li>
</ul>
</div>
</div>
</li>
</ul>
<p>Colores disponibles: rojo y negro.</p>
