{"id":10757,"date":"2025-04-22T14:36:12","date_gmt":"2025-04-22T17:36:12","guid":{"rendered":"https:\/\/mistol.com.ar\/shop\/producto\/campera-pampero\/"},"modified":"2026-04-27T11:03:02","modified_gmt":"2026-04-27T14:03:02","slug":"campera-pampero","status":"publish","type":"product","link":"https:\/\/www.mistol.com.ar\/shop\/producto\/campera-pampero\/","title":{"rendered":"Campera Pampero"},"content":{"rendered":"<p>Confeccionada en Micropolar de alta calidad, la tela posee un tratamiento ANTIPILLING en ambas caras, externa e interna que mantiene por m\u00e1s tiempo el aspecto original de la prenda, evitando la formaci\u00f3n de imperfecciones.100% Polyester 220 gr\/m2. Cuenta con cuatro Bolsillos con cierre, dos laterales inferiores, uno lateral derecho superior y uno en la manga izquierda. Cada cierre posee un tirador con el logo de la marca y en el extremo superior del cierre, posee una solapa cobertora. Por su aspecto y dise\u00f1o esta prenda resulta vers\u00e1til tanto para su uso outdoor como su uso urbano.  La campera posee cuello alzado que proporciona protecci\u00f3n y comodidad. Detalles en las terminaciones del exterior e interior. Colores: Negro y Gris con Negro. Recomendaciones de uso para cuidar tu abrigo: Lavar a m\u00e1quina a 30\u00b0. No lavar en seco. No Blanquear. No planchar. No secar en m\u00e1quina. Pampero.<\/p>\n","protected":false},"excerpt":{"rendered":"<p>Confeccionada en Micropolar de alta calidad, la tela posee un tratamiento ANTIPILLING en ambas caras, externa e interna que mantiene por m\u00e1s tiempo el aspecto original de la prenda, evitando la formaci\u00f3n de imperfecciones.100% Polyester 220 gr\/m2. Cuenta con cuatro Bolsillos con cierre, dos laterales inferiores, uno lateral derecho superior y uno en la manga [&hellip;]<\/p>\n","protected":false},"featured_media":10761,"template":"","meta":[],"product_brand":[1012],"product_cat":[721,27,15],"product_tag":[],"class_list":["post-10757","product","type-product","status-publish","has-post-thumbnail","product_brand-pampero","product_cat-2025-temporada-de-lluvias","product_cat-ferias-del-agro-y-rural","product_cat-indumentaria","pa_color-gris-oscuro","pa_color-negro","pa_size-3-x-large","pa_size-4-x-large","pa_size-large","pa_size-medium","pa_size-small","pa_size-x-large-2","pa_size-x-small","pa_size-xx-large-2","first","instock","shipping-taxable","product-type-variable"],"_links":{"self":[{"href":"https:\/\/www.mistol.com.ar\/shop\/wp-json\/wp\/v2\/product\/10757","targetHints":{"allow":["GET"]}}],"collection":[{"href":"https:\/\/www.mistol.com.ar\/shop\/wp-json\/wp\/v2\/product"}],"about":[{"href":"https:\/\/www.mistol.com.ar\/shop\/wp-json\/wp\/v2\/types\/product"}],"wp:featuredmedia":[{"embeddable":true,"href":"https:\/\/www.mistol.com.ar\/shop\/wp-json\/wp\/v2\/media\/10761"}],"wp:attachment":[{"href":"https:\/\/www.mistol.com.ar\/shop\/wp-json\/wp\/v2\/media?parent=10757"}],"wp:term":[{"taxonomy":"product_brand","embeddable":true,"href":"https:\/\/www.mistol.com.ar\/shop\/wp-json\/wp\/v2\/product_brand?post=10757"},{"taxonomy":"product_cat","embeddable":true,"href":"https:\/\/www.mistol.com.ar\/shop\/wp-json\/wp\/v2\/product_cat?post=10757"},{"taxonomy":"product_tag","embeddable":true,"href":"https:\/\/www.mistol.com.ar\/shop\/wp-json\/wp\/v2\/product_tag?post=10757"}],"curies":[{"name":"wp","href":"https:\/\/api.w.org\/{rel}","templated":true}]}}

<p>Confeccionada en Micropolar de alta calidad, la tela posee un tratamiento ANTIPILLING en ambas caras, externa e interna que mantiene por más tiempo el aspecto original de la prenda, evitando la formación de imperfecciones.100% Polyester 220 gr/m2. Cuenta con cuatro Bolsillos con cierre, dos laterales inferiores, uno lateral derecho superior y uno en la manga izquierda. Cada cierre posee un tirador con el logo de la marca y en el extremo superior del cierre, posee una solapa cobertora. Por su aspecto y diseño esta prenda resulta versátil tanto para su uso outdoor como su uso urbano.  La campera posee cuello alzado que proporciona protección y comodidad. Detalles en las terminaciones del exterior e interior. Colores: Negro y Gris con Negro. Recomendaciones de uso para cuidar tu abrigo: Lavar a máquina a 30°. No lavar en seco. No Blanquear. No planchar. No secar en máquina. Pampero.</p>

<p>Confeccionada en Micropolar de alta calidad, la tela posee un tratamiento ANTIPILLING en ambas caras, externa e interna que mantiene por más tiempo el aspecto original de la prenda, evitando la formación de imperfecciones.100% Polyester 220 gr/m2. Cuenta con cuatro Bolsillos con cierre, dos laterales inferiores, uno lateral derecho superior y uno en la manga [&hellip;]</p>
